se
Is 8064941 a prime number?
True
Is 14072623 a prime number?
True
Is 118111109 prime?
True
Is 24850849 a prime number?
False
Is 104417231 a prime number?
True
Is 5557341 composite?
True
Is 59987129 a composite number?
True
Is 29058538 a composite number?
True
Is 1493227 prime?
False
Is 14173403 a composite number?
True
Is 786908405 a prime number?
False
Is 7493561 a prime number?
False
Is 43040219 a prime number?
True
Is 11859137 a composite number?
False
Is 287113979 a prime number?
True
Is 21364999 composite?
True
Is 40878221 a prime number?
True
Is 28928309 composite?
False
Is 151999187 composite?
False
Is 2370881 a prime number?
True
Is 7582909 a prime number?
False
Is 3901523 a composite number?
False
Is 32591239 prime?
False
Is 17367379 a prime number?
True
Is 37911821 prime?
False
Is 136763509 composite?
False
Is 5615801 a prime number?
False
Is 343597 composite?
True
Is 31013 composite?
False
Is 90218603 prime?
True
Is 15907637 prime?
True
Is 1139503 a composite number?
False
Is 176461031 prime?
False
Is 2575019 prime?
True
Is 384691 a composite number?
False
Is 12610249 a prime number?
True
Is 4609469 composite?
True
Is 7050779 composite?
True
Is 6683683 a composite number?
True
Is 4621 composite?
False
Is 108487 a prime number?
False
Is 11368457 a composite number?
False
Is 4594739 composite?
False
Is 41289371 composite?
False
Is 93845095 a composite number?
True
Is 10720247 a composite number?
False
Is 4401707 a composite number?
True
Is 8859421 prime?
True
Is 859900213 a composite number?
False
Is 14940131 a prime number?
True
Is 723029 a prime number?
True
Is 1198871 prime?
False
Is 28672471 a composite number?
False
Is 6429089 composite?
False
Is 93394393 a composite number?
True
Is 2462263 a composite number?
True
Is 31287779 prime?
False
Is 51546169 prime?
False
Is 5021479 a prime number?
True
Is 59696353 a prime number?
False
Is 50173043 composite?
False
Is 26126479 a composite number?
False
Is 4068067 a prime number?
False
Is 4549687 a prime number?
True
Is 13354813 a composite number?
False
Is 375957799 prime?
False
Is 1628279 composite?
False
Is 1041961 a prime number?
True
Is 18825159 a prime number?
False
Is 21688049 prime?
True
Is 291369937 composite?
True
Is 41470843 prime?
True
Is 5041423 prime?
False
Is 1967005 composite?
True
Is 18764401 a prime number?
True
Is 501517 prime?
False
Is 1762547 a composite number?
True
Is 15856649 a composite number?
True
Is 139853165 a prime number?
False
Is 457819423 a prime number?
True
Is 17321881 a prime number?
False
Is 13002421 prime?
True
Is 46266191 composite?
True
Is 229723909 a composite number?
True
Is 12246287 prime?
True
Is 178574909 composite?
False
Is 6523477 prime?
True
Is 4049713 prime?
False
Is 222251929 prime?
False
Is 13970503 a composite number?
True
Is 101235241 a composite number?
True
Is 1835189 prime?
True
Is 44564141 a composite number?
False
Is 3347183 composite?
True
Is 5770949 prime?
True
Is 609671 a composite number?
True
Is 60580901 a composite number?
False
Is 6014591 prime?
False
Is 1177201 a composite number?
False
Is 57723647 a composite number?
False
Is 210445 composite?
True
Is 124633 a prime number?
True
Is 76274267 prime?
True
Is 16351261 composite?
True
Is 16154507 composite?
False
Is 888839417 prime?
True
Is 367741061 prime?
True
Is 56007881 a composite number?
False
Is 870847 composite?
False
Is 452396005 composite?
True
Is 1416504493 prime?
True
Is 220705769 a composite number?
True
Is 9630499 a composite number?
False
Is 348227 prime?
False
Is 92951297 a composite number?
True
Is 1180978 composite?
True
Is 7189849 a prime number?
True
Is 864923 composite?
True
Is 549689689 composite?
False
Is 1328377 a composite number?
True
Is 206505553 composite?
False
Is 1646569 composite?
True
Is 45568351 composite?
True
Is 1488301 prime?
True
Is 149676479 a composite number?
True
Is 34449197 a prime number?
True
Is 2944193 prime?
False
Is 77494762 a composite number?
True
Is 14406341 prime?
False
Is 493301957 prime?
True
Is 21925609 prime?
False
Is 39849321 prime?
False
Is 224247445 prime?
False
Is 8111087 a prime number?
False
Is 10858381 composite?
False
Is 4483711 a composite number?
True
Is 7430777 a composite number?
False
Is 946087 a prime number?
False
Is 30399239 composite?
True
Is 3320267 prime?
False
Is 211453817 prime?
False
Is 302101 composite?
True
Is 8255911 prime?
False
Is 274115477 composite?
False
Is 36365549 a prime number?
False
Is 844849 a composite number?
True
Is 561487 prime?
False
Is 55094498 a composite number?
True
Is 8839211 a prime number?
True
Is 201855811 a prime number?
True
Is 1313077 a composite number?
True
Is 91238063 a prime number?
False
Is 8890589 a prime number?
True
Is 398067 a prime number?
False
Is 17482339 prime?
False
Is 9255523 a prime number?
True
Is 129961861 a composite number?
True
Is 4105151 a prime number?
True
Is 2704151 prime?
False
Is 6231949 a composite number?
False
Is 9741269 prime?
True
Is 250968401 prime?
True
Is 161516129 a prime number?
False
Is 27779603 prime?
True
Is 127097431 a prime number?
True
Is 3260791 prime?
True
Is 62285869 a prime number?
True
Is 12676623 prime?
False
Is 115218737 composite?
False
Is 2231347 composite?
True
Is 45489949 composite?
False
Is 1552546627 prime?
True
Is 10713 composite?
True
Is 2397821 composite?
False
Is 471119 a composite number?
True
Is 317135849 prime?
True
Is 393344789 composite?
False
Is 559936851 a composite number?
True
Is 52137301 a prime number?
True
Is 830957 composite?
False
Is 208810093 prime?
True
Is 17369174 a prime number?
False
Is 7437971 prime?
True
Is 53447881 a prime number?
False
Is 721843 prime?
True
Is 358619411 a prime number?
True
Is 34862161 composite?
True
Is 561395018 a prime number?
False
Is 3031143 composite?
True
Is 209836997 prime?
True
Is 23736823 prime?
False
Is 34972999 a composite number?
False
Is 2299235 prime?
False
Is 29474177 prime?
False
Is 4234013 composite?
True
Is 171242431 a prime number?
True
Is 59553859 a prime number?
True
Is 5593387 prime?
False
Is 43503461 a composite number?
False
Is 12879869 a composite number?
True
Is 3414133 composite?
True
Is 34696517 prime?
True
Is 10747883 a prime number?
False
Is 115527383 a prime number?
True
Is 10138189 composite?
True
Is 193399277 prime?
False
Is 35917243 prime?
False
Is 10299421 prime?
False
Is 226958649 a prime number?
False
Is 337825039 composite?
False
Is 18230757 a prime number?
False
Is 541425397 a composite number?
False
Is 5617163 a composite number?
False
Is 168039379 composite?
True
Is 6800723 a prime number?
False
Is 2581907 a composite number?
False
Is 4219261 a composite number?
False
Is 1832209 a composite number?
True
Is 24838885 prime?
False
Is 153867163 a prime number?
False
Is 15696257 a composite number?
False
Is 11921827 prime?
True
Is 96832411 a prime number?
False
Is 456661 a prime number?
False
Is 43099397 composite?
True
Is 29990761 prime?
False
Is 238155521 composite?
False
Is 489108801 a prime number?
False
Is 14152163 composite?
False
Is 150170581 prime?
False
Is 2473049 prime?
True
Is 80634707 a prime number?
True
Is 16448213 a composite number?
False
Is 566399 a prime number?
False
Is 8344481 prime?
True
Is 431092373 composite?
False
Is 130357867 a composite number?
True
Is 13210213 prime?
True
Is 551391 composite?
True
Is 4122689 prime?
True
Is 11358419 composite?
True
Is 8897914 prime?
False
Is 20480431 composite?
False
Is 12593935 a composite number?
True
Is 128806169 prime?
True
Is 175752121 a prime number?
True
Is 57876383 a prime number?
False
Is 3319081 prime?
True
Is 14323871 prime?
False
Is 11120267 prime?
False
Is 240346159 a composite number?
True
Is 41053073 prime?
False
Is 1255034083 a prime number?
True
Is 1949327 prime?
True
Is 511720297 prime?
False
Is 2997169 a prime number?
False
Is 5846341 prime?
False
Is 41613527 composite?
False
Is 1497019 a prime number?
True
Is 618799 composite?
False
Is 3941753 composite?
True
Is 175943 a composite number?
True
Is 8241223 a composite number?
False
Is 127900963 prime?
False
Is 426646163 composite?
False
Is 861253 a prime number?
False
Is 1365807 prime?
False
Is 392709131 a prime number?
False
Is 98868509 prime?
False
Is 1377719 prime?
False
Is 13905427 a prime number?
Tru